, 7, 109
What are the prime factors of 40484?
2, 29, 349
List the prime factors of 5459.
53, 103
What are the prime factors of 27388?
2, 41, 167
What are the prime factors of 461?
461
What are the prime factors of 33511?
23, 31, 47
List the prime factors of 5531.
5531
List the prime factors of 6635.
5, 1327
List the prime factors of 4940.
2, 5, 13, 19
What are the prime factors of 2391?
3, 797
List the prime factors of 1683.
3, 11, 17
List the prime factors of 5176.
2, 647
What are the prime factors of 15841?
7, 31, 73
What are the prime factors of 6275?
5, 251
List the prime factors of 139.
139
What are the prime factors of 4034?
2, 2017
List the prime factors of 67917.
3, 22639
What are the prime factors of 523?
523
List the prime factors of 551.
19, 29
What are the prime factors of 261?
3, 29
List the prime factors of 191.
191
What are the prime factors of 786?
2, 3, 131
What are the prime factors of 95077?
31, 3067
What are the prime factors of 726?
2, 3, 11
List the prime factors of 1125.
3, 5
What are the prime factors of 4152?
2, 3, 173
List the prime factors of 3326.
2, 1663
List the prime factors of 17519.
17519
List the prime factors of 1720.
2, 5, 43
What are the prime factors of 51241?
51241
List the prime factors of 15483.
3, 13, 397
List the prime factors of 43200.
2, 3, 5
List the prime factors of 49392.
2, 3, 7
What are the prime factors of 40722?
2, 3, 11, 617
List the prime factors of 1112.
2, 139
List the prime factors of 55.
5, 11
What are the prime factors of 1188?
2, 3, 11
What are the prime factors of 11043?
3, 409
What are the prime factors of 21132?
2, 3, 587
What are the prime factors of 9609?
3, 3203
List the prime factors of 37800.
2, 3, 5, 7
List the prime factors of 5399.
5399
What are the prime factors of 1561?
7, 223
What are the prime factors of 44109?
3, 13, 29
What are the prime factors of 2126?
2, 1063
What are the prime factors of 47251?
47251
List the prime factors of 2597.
7, 53
What are the prime factors of 21168?
2, 3, 7
What are the prime factors of 12665?
5, 17, 149
List the prime factors of 8752.
2, 547
List the prime factors of 290.
2, 5, 29
List the prime factors of 43191.
3, 4799
What are the prime factors of 206?
2, 103
List the prime factors of 6203.
6203
List the prime factors of 978.
2, 3, 163
List the prime factors of 2750.
2, 5, 11
List the prime factors of 9236.
2, 2309
List the prime factors of 1430.
2, 5, 11, 13
What are the prime factors of 17150?
2, 5, 7
What are the prime factors of 8623?
8623
List the prime factors of 12701.
13, 977
What are the prime factors of 54211?
23, 2357
List the prime factors of 41254.
2, 20627
List the prime factors of 32172.
2, 3, 7, 383
List the prime factors of 1595.
5, 11, 29
What are the prime factors of 24538?
2, 12269
What are the prime factors of 4766?
2, 2383
List the prime factors of 635.
5, 127
List the prime factors of 12351.
3, 23, 179
What are the prime factors of 3472?
2, 7, 31
What are the prime factors of 42855?
3, 5, 2857
What are the prime factors of 2545?
5, 509
List the prime factors of 1422.
2, 3, 79
What are the prime factors of 1294?
2, 647
List the prime factors of 1204.
2, 7, 43
What are the prime factors of 12038?
2, 13, 463
What are the prime factors of 11260?
2, 5, 563
What are the prime factors of 287?
7, 41
What are the prime factors of 382?
2, 191
List the prime factors of 9149.
7, 1307
What are the prime factors of 55213?
55213
What are the prime factors of 12288?
2, 3
What are the prime factors of 1318?
2, 659
What are the prime factors of 32285?
5, 11, 587
List the prime factors of 33632.
2, 1051
What are the prime factors of 1199?
11, 109
List the prime factors of 201440.
2, 5, 1259
What are the prime factors of 12392?
2, 1549
What are the prime factors of 3473?
23, 151
What are the prime factors of 661?
661
List the prime factors of 587.
587
List the prime factors of 1952.
2, 61
What are the prime factors of 25327?
19, 31, 43
What are the prime factors of 15432?
2, 3, 643
List the prime factors of 12097.
12097
What are the prime factors of 22091?
22091
List the prime factors of 55441.
55441
List the prime factors of 34555.
5, 6911
What are the prime factors of 7048?
2, 881
List the prime factors of 17089.
23, 743
What are the prime factors of 1526?
2, 7, 109
What are the prime factors of 16?
2
What are the prime factors of 1086?
2, 3, 181
What are the prime factors of 50966?
2, 17, 1499
What are the prime factors of 15069?
3, 5023
What are the prime factors of 4418?
2, 47
What are the prime factors of 26309?
26309
List the prime factors of 101086.
2, 50543
What are the prime factors of 920?
2, 5, 23
What are the prime factors of 170733?
3, 56911
List the prime factors of 18787.
18787
What are the prime factors of 4850?
2, 5, 97
What are the prime factors of 613?
613
What are the prime factors of 3708?
2, 3, 103
What are the prime factors of 21821?
21821
List the prime factors of 1287.
3, 11, 13
List the prime factors of 7150.
2, 5, 11, 13
List the prime factors of 35005.
5, 7001
What are the prime factors of 46311?
3, 43, 359
What are the prime factors of 8945?
5, 1789
What are the prime factors of 7449?
3, 13, 191
List the prime factors of 8928.
2, 3, 31
List the prime factors of 11422.
2, 5711
What are the prime factors of 41895?
3, 5, 7, 19
What are the prime factors of 1310?
2, 5, 131
List the prime factors of 127245.
3, 5, 17, 499
List the prime factors of 2844.
2, 3, 79
List the prime factors of 28742.
2, 7, 2053
What are the prime factors of 41887?
41887
List the prime factors of 100417.
100417
List the prime factors of 160713.
3, 7, 2551
What are the prime factors of 4025?
5, 7, 23
List the prime factors of 2514.
2, 3, 419
List the prime factors of 7746.
2, 3, 1291
What are the prime factors of 35672?
2, 7, 13
List the prime factors of 356.
2, 89
List the prime factors of 806.
2, 13, 31
List the prime factors of 57317.
13, 4409
What are the prime factors of 868?
2, 7, 31
List the prime factors of 69.
3, 23
List the prime factors of 16794.
2, 3, 311
List the prime factors of 25901.
59, 439
List the prime factors of 4423.
4423
List the prime factors of 708.
2, 3, 59
What are the prime factors of 4856?
2, 607
List the prime factors of 4132.
2, 1033
List the prime factors of 693.
3, 7, 11
List the prime factors of 1842.
2, 3, 307
What are the prime factors of 1339?
13, 103
What are the prime factors of 16248?
2, 3, 677
What are the prime factors of 90586?
2, 45293
What are the prime factors of 55931?
55931
What are the prime factors of 2440?
2, 5, 61
What are the prime factors of 10043?
11, 83
What are the prime factors of 151555?
5, 17, 1783
List the prime factors of 953.
953
List the prime factors of 2290.
2, 5, 229
List the prime factors of 5878.
2, 2939
List the prime factors of 1198.
2, 599
What are the prime factors of 6600?
2, 3, 5, 11
What are the prime factors of 11214?
2, 3, 7, 89
List the prime factors of 123010.
2, 5, 12301
List the prime factors of 579.
3, 193
List the prime factors of 1045.
5, 11, 19
List the prime factors of 5205.
3, 5, 347
What are the prime factors of 94449?
3, 19, 1657
List the prime factors of 66306.
2, 3, 43, 257
What are the prime factors of 65141?
65141
List the prime factors of 1002.
2, 3, 167
What are the prime factors of 69929?
69929
What are the prime factors of 10793?
43, 251
What are the prime factors of 967?
967
List the prime factors of 4251.
3, 13, 109
What are the prime factors of 24322?
2, 12161
What are the prime factors of 18937?
29, 653
List the prime factors of 485.
5, 97
What are the prime factors of 26111?
26111
List the prime factors of 2066.
2, 1033
What are the prime factors of 20039?
29, 691
List the prime factors of 4463.
4463
List the prime factors of 3328.
2, 13
List the prime factors of 28375.
5, 227
What are the prime factors of 1133?
11, 103
List the prime factors of 3364.
2, 29
List the prime factors of 9484.
2, 2371
What are the prime factors of 27492?
2, 3, 29, 79
What are the prime factors of 1895?
5, 379
What are the prime factors of 580?
2, 5, 29
What are the prime factors of 45?
3, 5
List the prime factors of 9809.
17, 577
What are the prime factors of 616?
2, 7, 11
List the prime factors of 178958.
2, 13, 6883
List the prime factors of 1404.